Dec 03 09:13:24.788 INFO testing google-composer1-1.0.8+20181001 against master#8940af3cea4a9a9deabcaf843b2f8cad9a83fc61 for beta-1.31-5
Dec 03 09:13:24.788 INFO running `"docker" "create" "-v" "/mnt/big/crater/work/local/target-dirs/beta-1.31-5/worker-3/master#8940af3cea4a9a9deabcaf843b2f8cad9a83fc61:/target:rw,Z" "-v" "/mnt/big/crater/work/local/test-source/worker-3/beta-1.31-5/master#8940af3cea4a9a9deabcaf843b2f8cad9a83fc61:/source:ro,Z" "-v" "/mnt/big/crater/work/local/cargo-home:/cargo-home:ro,Z" "-v" "/mnt/big/crater/work/local/rustup-home:/rustup-home:ro,Z" "-e" "USER_ID=1000" "-e" "SOURCE_DIR=/source" "-e" "USER_ID=1000" "-e" "CMD=cargo +8940af3cea4a9a9deabcaf843b2f8cad9a83fc61-alt build --frozen" "-e" "CARGO_TARGET_DIR=/target" "-e" "CARGO_INCREMENTAL=0" "-e" "RUST_BACKTRACE=full" "-e" "RUSTFLAGS=--cap-lints=warn" "-e" "CARGO_HOME=/cargo-home" "-e" "RUSTUP_HOME=/rustup-home" "-m" "1536M" "--network" "none" "crater"`
Dec 03 09:13:25.278 INFO [stdout] 3c2b0ccae8a8761f417b3bbed20958f2dd5d0db568cb2a29fc8726971fd7d2b8
Dec 03 09:13:25.280 INFO running `"docker" "start" "-a" "3c2b0ccae8a8761f417b3bbed20958f2dd5d0db568cb2a29fc8726971fd7d2b8"`
Dec 03 09:13:27.978 INFO [stderr] usermod: no changes
Dec 03 09:13:28.172 INFO [stderr]    Compiling google-composer1 v1.0.8+20181001 (/source)
Dec 03 09:13:34.067 INFO [stderr]     Finished dev [unoptimized + debuginfo] target(s) in 6.04s
Dec 03 09:13:34.072 INFO [stderr] su: No module specific data is present
Dec 03 09:13:34.680 INFO running `"docker" "inspect" "3c2b0ccae8a8761f417b3bbed20958f2dd5d0db568cb2a29fc8726971fd7d2b8"`
Dec 03 09:13:34.927 INFO running `"docker" "rm" "-f" "3c2b0ccae8a8761f417b3bbed20958f2dd5d0db568cb2a29fc8726971fd7d2b8"`
Dec 03 09:13:35.366 INFO [stdout] 3c2b0ccae8a8761f417b3bbed20958f2dd5d0db568cb2a29fc8726971fd7d2b8
Dec 03 09:13:35.373 INFO running `"docker" "create" "-v" "/mnt/big/crater/work/local/target-dirs/beta-1.31-5/worker-3/master#8940af3cea4a9a9deabcaf843b2f8cad9a83fc61:/target:rw,Z" "-v" "/mnt/big/crater/work/local/test-source/worker-3/beta-1.31-5/master#8940af3cea4a9a9deabcaf843b2f8cad9a83fc61:/source:ro,Z" "-v" "/mnt/big/crater/work/local/cargo-home:/cargo-home:ro,Z" "-v" "/mnt/big/crater/work/local/rustup-home:/rustup-home:ro,Z" "-e" "USER_ID=1000" "-e" "SOURCE_DIR=/source" "-e" "USER_ID=1000" "-e" "CMD=cargo +8940af3cea4a9a9deabcaf843b2f8cad9a83fc61-alt test --frozen --no-run" "-e" "CARGO_TARGET_DIR=/target" "-e" "CARGO_INCREMENTAL=0" "-e" "RUST_BACKTRACE=full" "-e" "RUSTFLAGS=--cap-lints=warn" "-e" "CARGO_HOME=/cargo-home" "-e" "RUSTUP_HOME=/rustup-home" "-m" "1536M" "--network" "none" "crater"`
Dec 03 09:13:35.688 INFO [stdout] 63c31e55ca140d6cb6bd2c6c4a5086ec814d6731b2adbc45037c77a59810a864
Dec 03 09:13:35.691 INFO running `"docker" "start" "-a" "63c31e55ca140d6cb6bd2c6c4a5086ec814d6731b2adbc45037c77a59810a864"`
Dec 03 09:13:36.699 INFO [stderr] usermod: no changes
Dec 03 09:13:36.903 INFO [stderr]    Compiling google-composer1 v1.0.8+20181001 (/source)
Dec 03 09:13:42.739 INFO [stderr]     Finished dev [unoptimized + debuginfo] target(s) in 5.98s
Dec 03 09:13:42.749 INFO [stderr] su: No module specific data is present
Dec 03 09:13:43.327 INFO running `"docker" "inspect" "63c31e55ca140d6cb6bd2c6c4a5086ec814d6731b2adbc45037c77a59810a864"`
Dec 03 09:13:43.565 INFO running `"docker" "rm" "-f" "63c31e55ca140d6cb6bd2c6c4a5086ec814d6731b2adbc45037c77a59810a864"`
Dec 03 09:13:43.883 INFO [stdout] 63c31e55ca140d6cb6bd2c6c4a5086ec814d6731b2adbc45037c77a59810a864
Dec 03 09:13:43.887 INFO running `"docker" "create" "-v" "/mnt/big/crater/work/local/target-dirs/beta-1.31-5/worker-3/master#8940af3cea4a9a9deabcaf843b2f8cad9a83fc61:/target:rw,Z" "-v" "/mnt/big/crater/work/local/test-source/worker-3/beta-1.31-5/master#8940af3cea4a9a9deabcaf843b2f8cad9a83fc61:/source:ro,Z" "-v" "/mnt/big/crater/work/local/cargo-home:/cargo-home:ro,Z" "-v" "/mnt/big/crater/work/local/rustup-home:/rustup-home:ro,Z" "-e" "USER_ID=1000" "-e" "SOURCE_DIR=/source" "-e" "USER_ID=1000" "-e" "CMD=cargo +8940af3cea4a9a9deabcaf843b2f8cad9a83fc61-alt test --frozen" "-e" "CARGO_TARGET_DIR=/target" "-e" "CARGO_INCREMENTAL=0" "-e" "RUST_BACKTRACE=full" "-e" "RUSTFLAGS=--cap-lints=warn" "-e" "CARGO_HOME=/cargo-home" "-e" "RUSTUP_HOME=/rustup-home" "-m" "1536M" "--network" "none" "crater"`
Dec 03 09:13:44.262 INFO [stdout] ed6f14185af24b9ff8e02b134b10d98dd545d47522de36737edcefbcb8287b55
Dec 03 09:13:44.264 INFO running `"docker" "start" "-a" "ed6f14185af24b9ff8e02b134b10d98dd545d47522de36737edcefbcb8287b55"`
Dec 03 09:13:45.343 INFO [stderr] usermod: no changes
Dec 03 09:13:45.579 INFO [stderr]     Finished dev [unoptimized + debuginfo] target(s) in 0.21s
Dec 03 09:13:45.603 INFO [stdout] 
Dec 03 09:13:45.603 INFO [stderr]      Running /target/debug/deps/google_composer1-f646be434c987b6b
Dec 03 09:13:45.603 INFO [stdout] running 0 tests
Dec 03 09:13:45.603 INFO [stdout] 
Dec 03 09:13:45.603 INFO [stdout] test result: ok. 0 passed; 0 failed; 0 ignored; 0 measured; 0 filtered out
Dec 03 09:13:45.603 INFO [stdout] 
Dec 03 09:13:45.604 INFO [stderr]    Doc-tests google-composer1
Dec 03 09:13:52.353 INFO [stdout] 
Dec 03 09:13:52.353 INFO [stdout] running 16 tests
Dec 03 09:13:52.362 INFO [stdout] test src/lib.rs -  (line 49) ... ignored
Dec 03 09:13:58.691 INFO [stdout] test src/lib.rs - Empty (line 784) ... FAILED
Dec 03 09:14:04.856 INFO [stdout] test src/lib.rs - ProjectLocationEnvironmentPatchCall<'a, C, A>::update_mask (line 1254) ... FAILED
Dec 03 09:14:12.254 INFO [stdout] test src/lib.rs - ProjectLocationEnvironmentPatchCall<'a, C, A>::update_mask (line 1276) ... FAILED
Dec 03 09:14:18.643 INFO [stdout] test src/lib.rs - ProjectLocationEnvironmentPatchCall<'a, C, A>::update_mask (line 1294) ... FAILED
Dec 03 09:14:44.423 INFO [stdout] test src/lib.rs - ProjectLocationEnvironmentGetCall (line 2266) ... ok
Dec 03 09:14:44.859 INFO [stdout] test src/lib.rs -  (line 82) ... ok
Dec 03 09:14:47.355 INFO [stdout] test src/lib.rs - ProjectLocationEnvironmentListCall (line 1456) ... ok
Dec 03 09:14:47.671 INFO [stdout] test src/lib.rs - ProjectLocationEnvironmentCreateCall (line 1732) ... ok
Dec 03 09:14:48.311 INFO [stdout] test src/lib.rs - ProjectLocationEnvironmentPatchCall (line 1030) ... ok
Dec 03 09:14:49.219 INFO [stdout] test src/lib.rs - CloudComposer (line 268) ... ok
Dec 03 09:14:50.560 INFO [stdout] test src/lib.rs - ProjectLocationEnvironmentDeleteCall (line 2014) ... ok
Dec 03 09:14:58.979 INFO [stdout] test src/lib.rs - ProjectLocationOperationDeleteCall (line 3070) ... ok
Dec 03 09:15:12.502 INFO [stdout] test src/lib.rs - ProjectLocationOperationGetCall (line 2520) ... ok
Dec 03 09:15:13.007 INFO [stdout] test src/lib.rs - ProjectMethods (line 816) ... ok
Dec 03 09:15:13.301 INFO [stdout] test src/lib.rs - ProjectLocationOperationListCall (line 2780) ... ok
Dec 03 09:15:13.301 INFO [stdout] 
Dec 03 09:15:13.301 INFO [stdout] failures:
Dec 03 09:15:13.301 INFO [stdout] 
Dec 03 09:15:13.303 INFO [stdout] ---- src/lib.rs - Empty (line 784) stdout ----
Dec 03 09:15:13.303 INFO [stdout] error: expected one of `!`, `.`, `::`, `;`, `?`, `{`, `}`, or an operator, found `Foo`
Dec 03 09:15:13.303 INFO [stdout]  --> src/lib.rs:785:9
Dec 03 09:15:13.303 INFO [stdout]   |
Dec 03 09:15:13.303 INFO [stdout] 3 | service Foo {
Dec 03 09:15:13.303 INFO [stdout]   |         ^^^ expected one of 8 possible tokens here
Dec 03 09:15:13.303 INFO [stdout] 
Dec 03 09:15:13.303 INFO [stdout] error[E0425]: cannot find value `service` in this scope
Dec 03 09:15:13.303 INFO [stdout]  --> src/lib.rs:785:1
Dec 03 09:15:13.303 INFO [stdout]   |
Dec 03 09:15:13.303 INFO [stdout] 3 | service Foo {
Dec 03 09:15:13.303 INFO [stdout]   | ^^^^^^^ not found in this scope
Dec 03 09:15:13.303 INFO [stdout] 
Dec 03 09:15:13.303 INFO [stdout] thread 'src/lib.rs - Empty (line 784)' panicked at 'couldn't compile the test', librustdoc/test.rs:332:13
Dec 03 09:15:13.303 INFO [stdout] stack backtrace:
Dec 03 09:15:13.303 INFO [stdout]    0:     0x7f919238390f - std::sys::unix::backtrace::tracing::imp::unwind_backtrace::h3a8b83e1922cbdde
Dec 03 09:15:13.303 INFO [stdout]                                at libstd/sys/unix/backtrace/tracing/gcc_s.rs:49
Dec 03 09:15:13.303 INFO [stdout]    1:     0x7f9192368897 - std::sys_common::backtrace::print::h00d3155a29b4020f
Dec 03 09:15:13.303 INFO [stdout]                                at libstd/sys_common/backtrace.rs:71
Dec 03 09:15:13.303 INFO [stdout]                                at libstd/sys_common/backtrace.rs:59
Dec 03 09:15:13.303 INFO [stdout]    2:     0x7f919238ecef - std::panicking::default_hook::{{closure}}::hd7465c742e79e1bb
Dec 03 09:15:13.303 INFO [stdout]                                at libstd/panicking.rs:211
Dec 03 09:15:13.303 INFO [stdout]    3:     0x7f919238e9ee - std::panicking::default_hook::h9e3966f2aa2a6e12
Dec 03 09:15:13.303 INFO [stdout]                                at libstd/panicking.rs:221
Dec 03 09:15:13.303 INFO [stdout]    4:     0x7f9194519951 - rustc::util::common::panic_hook::h27965632b67fe74e
Dec 03 09:15:13.303 INFO [stdout]    5:     0x7f919238f4e6 - std::panicking::rust_panic_with_hook::h587f091ae747d080
Dec 03 09:15:13.303 INFO [stdout]                                at libstd/panicking.rs:480
Dec 03 09:15:13.303 INFO [stdout]    6:     0x564dfbd60b17 - std::panicking::begin_panic::hcef7ac517f7efe0f
Dec 03 09:15:13.303 INFO [stdout]                                at libstd/panicking.rs:410
Dec 03 09:15:13.303 INFO [stdout]    7:     0x564dfbef4cc7 - <rustdoc::test::Collector as rustdoc::test::Tester>::add_test::{{closure}}::{{closure}}::{{closure}}::h1a7d462b7674a13e
Dec 03 09:15:13.303 INFO [stdout]                                at librustdoc/test.rs:332
Dec 03 09:15:13.303 INFO [stdout]                                at librustdoc/test.rs:596
Dec 03 09:15:13.303 INFO [stdout]    8:     0x564dfbeaa1f8 - <scoped_tls::ScopedKey<T>>::set::h9a299037e2efdd79
Dec 03 09:15:13.303 INFO [stdout]                                at /cargo/registry/src/github.com-1ecc6299db9ec823/scoped-tls-0.1.2/src/lib.rs:155
Dec 03 09:15:13.303 INFO [stdout]                                at libsyntax/lib.rs:106
Dec 03 09:15:13.303 INFO [stdout]                                at /cargo/registry/src/github.com-1ecc6299db9ec823/scoped-tls-0.1.2/src/lib.rs:155
Dec 03 09:15:13.303 INFO [stdout]    9:     0x564dfbcae601 - syntax::with_globals::hc9a23e436a64729f
Dec 03 09:15:13.303 INFO [stdout]                                at libsyntax/lib.rs:105
Dec 03 09:15:13.303 INFO [stdout]   10:     0x564dfbd60dbb - std::panicking::try::do_call::hd95e3a92339aa7c0
Dec 03 09:15:13.303 INFO [stdout]                                at librustdoc/test.rs:593
Dec 03 09:15:13.303 INFO [stdout]                                at libstd/panic.rs:313
Dec 03 09:15:13.303 INFO [stdout]                                at libstd/panicking.rs:310
Dec 03 09:15:13.303 INFO [stdout]   11:     0x7f919239ccd9 - __rust_maybe_catch_panic
Dec 03 09:15:13.303 INFO [stdout]                                at libpanic_unwind/lib.rs:102
Dec 03 09:15:13.303 INFO [stdout]   12:     0x564dfbd83f49 - rustc_driver::in_named_rustc_thread::h5d5326e5f9843b1f
Dec 03 09:15:13.303 INFO [stdout]                                at libstd/panicking.rs:289
Dec 03 09:15:13.303 INFO [stdout]                                at libstd/panic.rs:392
Dec 03 09:15:13.303 INFO [stdout]                                at librustc_driver/lib.rs:1546
Dec 03 09:15:13.303 INFO [stdout]   13:     0x564dfbec2eb0 - <F as alloc::boxed::FnBox<A>>::call_box::h85b70bbf522f8d35
Dec 03 09:15:13.303 INFO [stdout]                                at librustdoc/test.rs:593
Dec 03 09:15:13.303 INFO [stdout]                                at liballoc/boxed.rs:672
Dec 03 09:15:13.303 INFO [stdout]   14:     0x7f91939fe022 - <F as alloc::boxed::FnBox<A>>::call_box::h37f4bb882553d58c
Dec 03 09:15:13.303 INFO [stdout]                                at libtest/lib.rs:1461
Dec 03 09:15:13.303 INFO [stdout]                                at liballoc/boxed.rs:672
Dec 03 09:15:13.303 INFO [stdout]   15:     0x7f919239ccd9 - __rust_maybe_catch_panic
Dec 03 09:15:13.303 INFO [stdout]                                at libpanic_unwind/lib.rs:102
Dec 03 09:15:13.303 INFO [stdout]   16:     0x7f9193a26462 - std::sys_common::backtrace::__rust_begin_short_backtrace::hb8f0d0309526c184
Dec 03 09:15:13.304 INFO [stdout]                                at libstd/panicking.rs:289
Dec 03 09:15:13.304 INFO [stdout]                                at libstd/panic.rs:392
Dec 03 09:15:13.304 INFO [stdout]                                at libtest/lib.rs:1423
Dec 03 09:15:13.304 INFO [stdout]                                at libstd/sys_common/backtrace.rs:136
Dec 03 09:15:13.304 INFO [stdout]   17:     0x7f9193a27204 - std::panicking::try::do_call::hc2f7c8b9a348d8db
Dec 03 09:15:13.304 INFO [stdout]                                at libstd/thread/mod.rs:409
Dec 03 09:15:13.304 INFO [stdout]                                at libstd/panic.rs:313
Dec 03 09:15:13.304 INFO [stdout]                                at libstd/panicking.rs:310
Dec 03 09:15:13.304 INFO [stdout]   18:     0x7f919239ccd9 - __rust_maybe_catch_panic
Dec 03 09:15:13.304 INFO [stdout]                                at libpanic_unwind/lib.rs:102
Dec 03 09:15:13.304 INFO [stdout]   19:     0x7f9193a0f94c - <F as alloc::boxed::FnBox<A>>::call_box::h6bfded618e480b32
Dec 03 09:15:13.304 INFO [stdout]                                at libstd/panicking.rs:289
Dec 03 09:15:13.304 INFO [stdout]                                at libstd/panic.rs:392
Dec 03 09:15:13.304 INFO [stdout]                                at libstd/thread/mod.rs:408
Dec 03 09:15:13.304 INFO [stdout]                                at liballoc/boxed.rs:672
Dec 03 09:15:13.304 INFO [stdout]   20:     0x7f9192389c9d - std::sys_common::thread::start_thread::h4c28257d67cdf9cb
Dec 03 09:15:13.304 INFO [stdout]                                at liballoc/boxed.rs:682
Dec 03 09:15:13.304 INFO [stdout]                                at libstd/sys_common/thread.rs:24
Dec 03 09:15:13.304 INFO [stdout]   21:     0x7f919235f4d5 - std::sys::unix::thread::Thread::new::thread_start::hfecb2e7eff8fd34f
Dec 03 09:15:13.304 INFO [stdout]                                at libstd/sys/unix/thread.rs:90
Dec 03 09:15:13.304 INFO [stdout]   22:     0x7f9191eeb6b9 - start_thread
Dec 03 09:15:13.304 INFO [stdout]   23:     0x7f9191a0b41c - clone
Dec 03 09:15:13.304 INFO [stdout]   24:                0x0 - <unknown>
Dec 03 09:15:13.304 INFO [stdout] query stack during panic:
Dec 03 09:15:13.304 INFO [stdout] end of query stack
Dec 03 09:15:13.304 INFO [stdout] 
Dec 03 09:15:13.304 INFO [stdout] ---- src/lib.rs - ProjectLocationEnvironmentPatchCall<'a, C, A>::update_mask (line 1254) stdout ----
Dec 03 09:15:13.304 INFO [stdout] error: expected type, found `{`
Dec 03 09:15:13.304 INFO [stdout]  --> src/lib.rs:1256:12
Dec 03 09:15:13.304 INFO [stdout]   |
Dec 03 09:15:13.304 INFO [stdout] 4 |   "config":{
Dec 03 09:15:13.304 INFO [stdout]   |            ^ expecting a type here because of type ascription
Dec 03 09:15:13.304 INFO [stdout] 
Dec 03 09:15:13.304 INFO [stdout] thread 'src/lib.rs - ProjectLocationEnvironmentPatchCall<'a, C, A>::update_mask (line 1254)' panicked at 'couldn't compile the test', librustdoc/test.rs:332:13
Dec 03 09:15:13.304 INFO [stdout] stack backtrace:
Dec 03 09:15:13.304 INFO [stdout]    0:     0x7f919238390f - std::sys::unix::backtrace::tracing::imp::unwind_backtrace::h3a8b83e1922cbdde
Dec 03 09:15:13.304 INFO [stdout]                                at libstd/sys/unix/backtrace/tracing/gcc_s.rs:49
Dec 03 09:15:13.304 INFO [stdout]    1:     0x7f9192368897 - std::sys_common::backtrace::print::h00d3155a29b4020f
Dec 03 09:15:13.304 INFO [stdout]                                at libstd/sys_common/backtrace.rs:71
Dec 03 09:15:13.304 INFO [stdout]                                at libstd/sys_common/backtrace.rs:59
Dec 03 09:15:13.304 INFO [stdout]    2:     0x7f919238ecef - std::panicking::default_hook::{{closure}}::hd7465c742e79e1bb
Dec 03 09:15:13.304 INFO [stdout]                                at libstd/panicking.rs:211
Dec 03 09:15:13.304 INFO [stdout]    3:     0x7f919238e9ee - std::panicking::default_hook::h9e3966f2aa2a6e12
Dec 03 09:15:13.304 INFO [stdout]                                at libstd/panicking.rs:221
Dec 03 09:15:13.304 INFO [stdout]    4:     0x7f9194519951 - rustc::util::common::panic_hook::h27965632b67fe74e
Dec 03 09:15:13.304 INFO [stdout]    5:     0x7f919238f4e6 - std::panicking::rust_panic_with_hook::h587f091ae747d080
Dec 03 09:15:13.304 INFO [stdout]                                at libstd/panicking.rs:480
Dec 03 09:15:13.304 INFO [stdout]    6:     0x564dfbd60b17 - std::panicking::begin_panic::hcef7ac517f7efe0f
Dec 03 09:15:13.304 INFO [stdout]                                at libstd/panicking.rs:410
Dec 03 09:15:13.304 INFO [stdout]    7:     0x564dfbef4cc7 - <rustdoc::test::Collector as rustdoc::test::Tester>::add_test::{{closure}}::{{closure}}::{{closure}}::h1a7d462b7674a13e
Dec 03 09:15:13.304 INFO [stdout]                                at librustdoc/test.rs:332
Dec 03 09:15:13.304 INFO [stdout]                                at librustdoc/test.rs:596
Dec 03 09:15:13.304 INFO [stdout]    8:     0x564dfbeaa1f8 - <scoped_tls::ScopedKey<T>>::set::h9a299037e2efdd79
Dec 03 09:15:13.304 INFO [stdout]                                at /cargo/registry/src/github.com-1ecc6299db9ec823/scoped-tls-0.1.2/src/lib.rs:155
Dec 03 09:15:13.304 INFO [stdout]                                at libsyntax/lib.rs:106
Dec 03 09:15:13.304 INFO [stdout]                                at /cargo/registry/src/github.com-1ecc6299db9ec823/scoped-tls-0.1.2/src/lib.rs:155
Dec 03 09:15:13.304 INFO [stdout]    9:     0x564dfbcae601 - syntax::with_globals::hc9a23e436a64729f
Dec 03 09:15:13.304 INFO [stdout]                                at libsyntax/lib.rs:105
Dec 03 09:15:13.304 INFO [stdout]   10:     0x564dfbd60dbb - std::panicking::try::do_call::hd95e3a92339aa7c0
Dec 03 09:15:13.304 INFO [stdout]                                at librustdoc/test.rs:593
Dec 03 09:15:13.304 INFO [stdout]                                at libstd/panic.rs:313
Dec 03 09:15:13.304 INFO [stdout]                                at libstd/panicking.rs:310
Dec 03 09:15:13.304 INFO [stdout]   11:     0x7f919239ccd9 - __rust_maybe_catch_panic
Dec 03 09:15:13.304 INFO [stdout]                                at libpanic_unwind/lib.rs:102
Dec 03 09:15:13.304 INFO [stdout]   12:     0x564dfbd83f49 - rustc_driver::in_named_rustc_thread::h5d5326e5f9843b1f
Dec 03 09:15:13.304 INFO [stdout]                                at libstd/panicking.rs:289
Dec 03 09:15:13.304 INFO [stdout]                                at libstd/panic.rs:392
Dec 03 09:15:13.304 INFO [stdout]                                at librustc_driver/lib.rs:1546
Dec 03 09:15:13.304 INFO [stdout]   13:     0x564dfbec2eb0 - <F as alloc::boxed::FnBox<A>>::call_box::h85b70bbf522f8d35
Dec 03 09:15:13.304 INFO [stdout]                                at librustdoc/test.rs:593
Dec 03 09:15:13.304 INFO [stdout]                                at liballoc/boxed.rs:672
Dec 03 09:15:13.304 INFO [stdout]   14:     0x7f91939fe022 - <F as alloc::boxed::FnBox<A>>::call_box::h37f4bb882553d58c
Dec 03 09:15:13.304 INFO [stdout]                                at libtest/lib.rs:1461
Dec 03 09:15:13.304 INFO [stdout]                                at liballoc/boxed.rs:672
Dec 03 09:15:13.304 INFO [stdout]   15:     0x7f919239ccd9 - __rust_maybe_catch_panic
Dec 03 09:15:13.304 INFO [stdout]                                at libpanic_unwind/lib.rs:102
Dec 03 09:15:13.304 INFO [stdout]   16:     0x7f9193a26462 - std::sys_common::backtrace::__rust_begin_short_backtrace::hb8f0d0309526c184
Dec 03 09:15:13.304 INFO [stdout]                                at libstd/panicking.rs:289
Dec 03 09:15:13.304 INFO [stdout]                                at libstd/panic.rs:392
Dec 03 09:15:13.304 INFO [stdout]                                at libtest/lib.rs:1423
Dec 03 09:15:13.304 INFO [stdout]                                at libstd/sys_common/backtrace.rs:136
Dec 03 09:15:13.304 INFO [stdout]   17:     0x7f9193a27204 - std::panicking::try::do_call::hc2f7c8b9a348d8db
Dec 03 09:15:13.304 INFO [stdout]                                at libstd/thread/mod.rs:409
Dec 03 09:15:13.304 INFO [stdout]                                at libstd/panic.rs:313
Dec 03 09:15:13.304 INFO [stdout]                                at libstd/panicking.rs:310
Dec 03 09:15:13.304 INFO [stdout]   18:     0x7f919239ccd9 - __rust_maybe_catch_panic
Dec 03 09:15:13.304 INFO [stdout]                                at libpanic_unwind/lib.rs:102
Dec 03 09:15:13.305 INFO [stdout]   19:     0x7f9193a0f94c - <F as alloc::boxed::FnBox<A>>::call_box::h6bfded618e480b32
Dec 03 09:15:13.305 INFO [stdout]                                at libstd/panicking.rs:289
Dec 03 09:15:13.305 INFO [stdout]                                at libstd/panic.rs:392
Dec 03 09:15:13.305 INFO [stdout]                                at libstd/thread/mod.rs:408
Dec 03 09:15:13.305 INFO [stdout]                                at liballoc/boxed.rs:672
Dec 03 09:15:13.305 INFO [stdout]   20:     0x7f9192389c9d - std::sys_common::thread::start_thread::h4c28257d67cdf9cb
Dec 03 09:15:13.305 INFO [stdout]                                at liballoc/boxed.rs:682
Dec 03 09:15:13.305 INFO [stdout]                                at libstd/sys_common/thread.rs:24
Dec 03 09:15:13.305 INFO [stdout]   21:     0x7f919235f4d5 - std::sys::unix::thread::Thread::new::thread_start::hfecb2e7eff8fd34f
Dec 03 09:15:13.305 INFO [stdout]                                at libstd/sys/unix/thread.rs:90
Dec 03 09:15:13.305 INFO [stdout]   22:     0x7f9191eeb6b9 - start_thread
Dec 03 09:15:13.305 INFO [stdout]   23:     0x7f9191a0b41c - clone
Dec 03 09:15:13.305 INFO [stdout]   24:                0x0 - <unknown>
Dec 03 09:15:13.305 INFO [stdout] query stack during panic:
Dec 03 09:15:13.305 INFO [stdout] end of query stack
Dec 03 09:15:13.305 INFO [stdout] 
Dec 03 09:15:13.305 INFO [stdout] ---- src/lib.rs - ProjectLocationEnvironmentPatchCall<'a, C, A>::update_mask (line 1276) stdout ----
Dec 03 09:15:13.305 INFO [stdout] error: expected type, found `{`
Dec 03 09:15:13.305 INFO [stdout]  --> src/lib.rs:1278:12
Dec 03 09:15:13.305 INFO [stdout]   |
Dec 03 09:15:13.305 INFO [stdout] 4 |   "labels":{
Dec 03 09:15:13.305 INFO [stdout]   |            ^ expecting a type here because of type ascription
Dec 03 09:15:13.305 INFO [stdout] 
Dec 03 09:15:13.305 INFO [stdout] thread 'src/lib.rs - ProjectLocationEnvironmentPatchCall<'a, C, A>::update_mask (line 1276)' panicked at 'couldn't compile the test', librustdoc/test.rs:332:13
Dec 03 09:15:13.305 INFO [stdout] stack backtrace:
Dec 03 09:15:13.305 INFO [stdout]    0:     0x7f919238390f - std::sys::unix::backtrace::tracing::imp::unwind_backtrace::h3a8b83e1922cbdde
Dec 03 09:15:13.305 INFO [stdout]                                at libstd/sys/unix/backtrace/tracing/gcc_s.rs:49
Dec 03 09:15:13.305 INFO [stdout]    1:     0x7f9192368897 - std::sys_common::backtrace::print::h00d3155a29b4020f
Dec 03 09:15:13.305 INFO [stdout]                                at libstd/sys_common/backtrace.rs:71
Dec 03 09:15:13.305 INFO [stdout]                                at libstd/sys_common/backtrace.rs:59
Dec 03 09:15:13.305 INFO [stdout]    2:     0x7f919238ecef - std::panicking::default_hook::{{closure}}::hd7465c742e79e1bb
Dec 03 09:15:13.305 INFO [stdout]                                at libstd/panicking.rs:211
Dec 03 09:15:13.305 INFO [stdout]    3:     0x7f919238e9ee - std::panicking::default_hook::h9e3966f2aa2a6e12
Dec 03 09:15:13.305 INFO [stdout]                                at libstd/panicking.rs:221
Dec 03 09:15:13.305 INFO [stdout]    4:     0x7f9194519951 - rustc::util::common::panic_hook::h27965632b67fe74e
Dec 03 09:15:13.305 INFO [stdout]    5:     0x7f919238f4e6 - std::panicking::rust_panic_with_hook::h587f091ae747d080
Dec 03 09:15:13.305 INFO [stdout]                                at libstd/panicking.rs:480
Dec 03 09:15:13.305 INFO [stdout]    6:     0x564dfbd60b17 - std::panicking::begin_panic::hcef7ac517f7efe0f
Dec 03 09:15:13.305 INFO [stdout]                                at libstd/panicking.rs:410
Dec 03 09:15:13.305 INFO [stdout]    7:     0x564dfbef4cc7 - <rustdoc::test::Collector as rustdoc::test::Tester>::add_test::{{closure}}::{{closure}}::{{closure}}::h1a7d462b7674a13e
Dec 03 09:15:13.305 INFO [stdout]                                at librustdoc/test.rs:332
Dec 03 09:15:13.305 INFO [stdout]                                at librustdoc/test.rs:596
Dec 03 09:15:13.305 INFO [stdout]    8:     0x564dfbeaa1f8 - <scoped_tls::ScopedKey<T>>::set::h9a299037e2efdd79
Dec 03 09:15:13.305 INFO [stdout]                                at /cargo/registry/src/github.com-1ecc6299db9ec823/scoped-tls-0.1.2/src/lib.rs:155
Dec 03 09:15:13.305 INFO [stdout]                                at libsyntax/lib.rs:106
Dec 03 09:15:13.305 INFO [stdout]                                at /cargo/registry/src/github.com-1ecc6299db9ec823/scoped-tls-0.1.2/src/lib.rs:155
Dec 03 09:15:13.305 INFO [stdout]    9:     0x564dfbcae601 - syntax::with_globals::hc9a23e436a64729f
Dec 03 09:15:13.305 INFO [stdout]                                at libsyntax/lib.rs:105
Dec 03 09:15:13.305 INFO [stdout]   10:     0x564dfbd60dbb - std::panicking::try::do_call::hd95e3a92339aa7c0
Dec 03 09:15:13.305 INFO [stdout]                                at librustdoc/test.rs:593
Dec 03 09:15:13.305 INFO [stdout]                                at libstd/panic.rs:313
Dec 03 09:15:13.305 INFO [stdout]                                at libstd/panicking.rs:310
Dec 03 09:15:13.305 INFO [stdout]   11:     0x7f919239ccd9 - __rust_maybe_catch_panic
Dec 03 09:15:13.305 INFO [stdout]                                at libpanic_unwind/lib.rs:102
Dec 03 09:15:13.305 INFO [stdout]   12:     0x564dfbd83f49 - rustc_driver::in_named_rustc_thread::h5d5326e5f9843b1f
Dec 03 09:15:13.305 INFO [stdout]                                at libstd/panicking.rs:289
Dec 03 09:15:13.305 INFO [stdout]                                at libstd/panic.rs:392
Dec 03 09:15:13.305 INFO [stdout]                                at librustc_driver/lib.rs:1546
Dec 03 09:15:13.305 INFO [stdout]   13:     0x564dfbec2eb0 - <F as alloc::boxed::FnBox<A>>::call_box::h85b70bbf522f8d35
Dec 03 09:15:13.305 INFO [stdout]                                at librustdoc/test.rs:593
Dec 03 09:15:13.305 INFO [stdout]                                at liballoc/boxed.rs:672
Dec 03 09:15:13.305 INFO [stdout]   14:     0x7f91939fe022 - <F as alloc::boxed::FnBox<A>>::call_box::h37f4bb882553d58c
Dec 03 09:15:13.305 INFO [stdout]                                at libtest/lib.rs:1461
Dec 03 09:15:13.305 INFO [stdout]                                at liballoc/boxed.rs:672
Dec 03 09:15:13.305 INFO [stdout]   15:     0x7f919239ccd9 - __rust_maybe_catch_panic
Dec 03 09:15:13.305 INFO [stdout]                                at libpanic_unwind/lib.rs:102
Dec 03 09:15:13.305 INFO [stdout]   16:     0x7f9193a26462 - std::sys_common::backtrace::__rust_begin_short_backtrace::hb8f0d0309526c184
Dec 03 09:15:13.305 INFO [stdout]                                at libstd/panicking.rs:289
Dec 03 09:15:13.305 INFO [stdout]                                at libstd/panic.rs:392
Dec 03 09:15:13.305 INFO [stdout]                                at libtest/lib.rs:1423
Dec 03 09:15:13.305 INFO [stdout]                                at libstd/sys_common/backtrace.rs:136
Dec 03 09:15:13.305 INFO [stdout]   17:     0x7f9193a27204 - std::panicking::try::do_call::hc2f7c8b9a348d8db
Dec 03 09:15:13.305 INFO [stdout]                                at libstd/thread/mod.rs:409
Dec 03 09:15:13.305 INFO [stdout]                                at libstd/panic.rs:313
Dec 03 09:15:13.305 INFO [stdout]                                at libstd/panicking.rs:310
Dec 03 09:15:13.305 INFO [stdout]   18:     0x7f919239ccd9 - __rust_maybe_catch_panic
Dec 03 09:15:13.305 INFO [stdout]                                at libpanic_unwind/lib.rs:102
Dec 03 09:15:13.305 INFO [stdout]   19:     0x7f9193a0f94c - <F as alloc::boxed::FnBox<A>>::call_box::h6bfded618e480b32
Dec 03 09:15:13.305 INFO [stdout]                                at libstd/panicking.rs:289
Dec 03 09:15:13.305 INFO [stdout]                                at libstd/panic.rs:392
Dec 03 09:15:13.305 INFO [stdout]                                at libstd/thread/mod.rs:408
Dec 03 09:15:13.305 INFO [stdout]                                at liballoc/boxed.rs:672
Dec 03 09:15:13.305 INFO [stdout]   20:     0x7f9192389c9d - std::sys_common::thread::start_thread::h4c28257d67cdf9cb
Dec 03 09:15:13.305 INFO [stdout]                                at liballoc/boxed.rs:682
Dec 03 09:15:13.305 INFO [stdout]                                at libstd/sys_common/thread.rs:24
Dec 03 09:15:13.305 INFO [stdout]   21:     0x7f919235f4d5 - std::sys::unix::thread::Thread::new::thread_start::hfecb2e7eff8fd34f
Dec 03 09:15:13.305 INFO [stdout]                                at libstd/sys/unix/thread.rs:90
Dec 03 09:15:13.306 INFO [stdout]   22:     0x7f9191eeb6b9 - start_thread
Dec 03 09:15:13.306 INFO [stdout]   23:     0x7f9191a0b41c - clone
Dec 03 09:15:13.306 INFO [stdout]   24:                0x0 - <unknown>
Dec 03 09:15:13.306 INFO [stdout] query stack during panic:
Dec 03 09:15:13.306 INFO [stdout] end of query stack
Dec 03 09:15:13.306 INFO [stdout] 
Dec 03 09:15:13.306 INFO [stdout] ---- src/lib.rs - ProjectLocationEnvironmentPatchCall<'a, C, A>::update_mask (line 1294) stdout ----
Dec 03 09:15:13.306 INFO [stdout] error: expected type, found `{`
Dec 03 09:15:13.306 INFO [stdout]  --> src/lib.rs:1296:12
Dec 03 09:15:13.306 INFO [stdout]   |
Dec 03 09:15:13.306 INFO [stdout] 4 |   "config":{
Dec 03 09:15:13.306 INFO [stdout]   |            ^ expecting a type here because of type ascription
Dec 03 09:15:13.306 INFO [stdout] 
Dec 03 09:15:13.306 INFO [stdout] thread 'src/lib.rs - ProjectLocationEnvironmentPatchCall<'a, C, A>::update_mask (line 1294)' panicked at 'couldn't compile the test', librustdoc/test.rs:332:13
Dec 03 09:15:13.306 INFO [stdout] stack backtrace:
Dec 03 09:15:13.306 INFO [stdout]    0:     0x7f919238390f - std::sys::unix::backtrace::tracing::imp::unwind_backtrace::h3a8b83e1922cbdde
Dec 03 09:15:13.306 INFO [stdout]                                at libstd/sys/unix/backtrace/tracing/gcc_s.rs:49
Dec 03 09:15:13.306 INFO [stdout]    1:     0x7f9192368897 - std::sys_common::backtrace::print::h00d3155a29b4020f
Dec 03 09:15:13.306 INFO [stdout]                                at libstd/sys_common/backtrace.rs:71
Dec 03 09:15:13.306 INFO [stdout]                                at libstd/sys_common/backtrace.rs:59
Dec 03 09:15:13.306 INFO [stdout]    2:     0x7f919238ecef - std::panicking::default_hook::{{closure}}::hd7465c742e79e1bb
Dec 03 09:15:13.306 INFO [stdout]                                at libstd/panicking.rs:211
Dec 03 09:15:13.306 INFO [stdout]    3:     0x7f919238e9ee - std::panicking::default_hook::h9e3966f2aa2a6e12
Dec 03 09:15:13.306 INFO [stdout]                                at libstd/panicking.rs:221
Dec 03 09:15:13.306 INFO [stdout]    4:     0x7f9194519951 - rustc::util::common::panic_hook::h27965632b67fe74e
Dec 03 09:15:13.306 INFO [stdout]    5:     0x7f919238f4e6 - std::panicking::rust_panic_with_hook::h587f091ae747d080
Dec 03 09:15:13.306 INFO [stdout]                                at libstd/panicking.rs:480
Dec 03 09:15:13.306 INFO [stdout]    6:     0x564dfbd60b17 - std::panicking::begin_panic::hcef7ac517f7efe0f
Dec 03 09:15:13.306 INFO [stdout]                                at libstd/panicking.rs:410
Dec 03 09:15:13.306 INFO [stdout]    7:     0x564dfbef4cc7 - <rustdoc::test::Collector as rustdoc::test::Tester>::add_test::{{closure}}::{{closure}}::{{closure}}::h1a7d462b7674a13e
Dec 03 09:15:13.306 INFO [stdout]                                at librustdoc/test.rs:332
Dec 03 09:15:13.306 INFO [stdout]                                at librustdoc/test.rs:596
Dec 03 09:15:13.306 INFO [stdout]    8:     0x564dfbeaa1f8 - <scoped_tls::ScopedKey<T>>::set::h9a299037e2efdd79
Dec 03 09:15:13.306 INFO [stdout]                                at /cargo/registry/src/github.com-1ecc6299db9ec823/scoped-tls-0.1.2/src/lib.rs:155
Dec 03 09:15:13.306 INFO [stdout]                                at libsyntax/lib.rs:106
Dec 03 09:15:13.306 INFO [stdout]                                at /cargo/registry/src/github.com-1ecc6299db9ec823/scoped-tls-0.1.2/src/lib.rs:155
Dec 03 09:15:13.306 INFO [stdout]    9:     0x564dfbcae601 - syntax::with_globals::hc9a23e436a64729f
Dec 03 09:15:13.306 INFO [stdout]                                at libsyntax/lib.rs:105
Dec 03 09:15:13.306 INFO [stdout]   10:     0x564dfbd60dbb - std::panicking::try::do_call::hd95e3a92339aa7c0
Dec 03 09:15:13.306 INFO [stdout]                                at librustdoc/test.rs:593
Dec 03 09:15:13.306 INFO [stdout]                                at libstd/panic.rs:313
Dec 03 09:15:13.306 INFO [stdout]                                at libstd/panicking.rs:310
Dec 03 09:15:13.306 INFO [stdout]   11:     0x7f919239ccd9 - __rust_maybe_catch_panic
Dec 03 09:15:13.306 INFO [stdout]                                at libpanic_unwind/lib.rs:102
Dec 03 09:15:13.306 INFO [stdout]   12:     0x564dfbd83f49 - rustc_driver::in_named_rustc_thread::h5d5326e5f9843b1f
Dec 03 09:15:13.306 INFO [stdout]                                at libstd/panicking.rs:289
Dec 03 09:15:13.306 INFO [stdout]                                at libstd/panic.rs:392
Dec 03 09:15:13.306 INFO [stdout]                                at librustc_driver/lib.rs:1546
Dec 03 09:15:13.306 INFO [stdout]   13:     0x564dfbec2eb0 - <F as alloc::boxed::FnBox<A>>::call_box::h85b70bbf522f8d35
Dec 03 09:15:13.306 INFO [stdout]                                at librustdoc/test.rs:593
Dec 03 09:15:13.306 INFO [stdout]                                at liballoc/boxed.rs:672
Dec 03 09:15:13.306 INFO [stdout]   14:     0x7f91939fe022 - <F as alloc::boxed::FnBox<A>>::call_box::h37f4bb882553d58c
Dec 03 09:15:13.306 INFO [stdout]                                at libtest/lib.rs:1461
Dec 03 09:15:13.306 INFO [stdout]                                at liballoc/boxed.rs:672
Dec 03 09:15:13.306 INFO [stdout]   15:     0x7f919239ccd9 - __rust_maybe_catch_panic
Dec 03 09:15:13.306 INFO [stdout]                                at libpanic_unwind/lib.rs:102
Dec 03 09:15:13.306 INFO [stdout]   16:     0x7f9193a26462 - std::sys_common::backtrace::__rust_begin_short_backtrace::hb8f0d0309526c184
Dec 03 09:15:13.306 INFO [stdout]                                at libstd/panicking.rs:289
Dec 03 09:15:13.306 INFO [stdout]                                at libstd/panic.rs:392
Dec 03 09:15:13.306 INFO [stdout]                                at libtest/lib.rs:1423
Dec 03 09:15:13.306 INFO [stdout]                                at libstd/sys_common/backtrace.rs:136
Dec 03 09:15:13.306 INFO [stdout]   17:     0x7f9193a27204 - std::panicking::try::do_call::hc2f7c8b9a348d8db
Dec 03 09:15:13.306 INFO [stdout]                                at libstd/thread/mod.rs:409
Dec 03 09:15:13.306 INFO [stdout]                                at libstd/panic.rs:313
Dec 03 09:15:13.306 INFO [stdout]                                at libstd/panicking.rs:310
Dec 03 09:15:13.306 INFO [stdout]   18:     0x7f919239ccd9 - __rust_maybe_catch_panic
Dec 03 09:15:13.306 INFO [stdout]                                at libpanic_unwind/lib.rs:102
Dec 03 09:15:13.306 INFO [stdout]   19:     0x7f9193a0f94c - <F as alloc::boxed::FnBox<A>>::call_box::h6bfded618e480b32
Dec 03 09:15:13.306 INFO [stdout]                                at libstd/panicking.rs:289
Dec 03 09:15:13.306 INFO [stdout]                                at libstd/panic.rs:392
Dec 03 09:15:13.306 INFO [stdout]                                at libstd/thread/mod.rs:408
Dec 03 09:15:13.306 INFO [stdout]                                at liballoc/boxed.rs:672
Dec 03 09:15:13.306 INFO [stdout]   20:     0x7f9192389c9d - std::sys_common::thread::start_thread::h4c28257d67cdf9cb
Dec 03 09:15:13.306 INFO [stdout]                                at liballoc/boxed.rs:682
Dec 03 09:15:13.306 INFO [stdout]                                at libstd/sys_common/thread.rs:24
Dec 03 09:15:13.306 INFO [stdout]   21:     0x7f919235f4d5 - std::sys::unix::thread::Thread::new::thread_start::hfecb2e7eff8fd34f
Dec 03 09:15:13.306 INFO [stdout]                                at libstd/sys/unix/thread.rs:90
Dec 03 09:15:13.306 INFO [stdout]   22:     0x7f9191eeb6b9 - start_thread
Dec 03 09:15:13.306 INFO [stdout]   23:     0x7f9191a0b41c - clone
Dec 03 09:15:13.306 INFO [stdout]   24:                0x0 - <unknown>
Dec 03 09:15:13.306 INFO [stdout] query stack during panic:
Dec 03 09:15:13.306 INFO [stdout] end of query stack
Dec 03 09:15:13.306 INFO [stdout] 
Dec 03 09:15:13.307 INFO [stdout] 
Dec 03 09:15:13.307 INFO [stdout] failures:
Dec 03 09:15:13.307 INFO [stdout]     src/lib.rs - Empty (line 784)
Dec 03 09:15:13.307 INFO [stdout]     src/lib.rs - ProjectLocationEnvironmentPatchCall<'a, C, A>::update_mask (line 1254)
Dec 03 09:15:13.307 INFO [stdout]     src/lib.rs - ProjectLocationEnvironmentPatchCall<'a, C, A>::update_mask (line 1276)
Dec 03 09:15:13.307 INFO [stdout]     src/lib.rs - ProjectLocationEnvironmentPatchCall<'a, C, A>::update_mask (line 1294)
Dec 03 09:15:13.307 INFO [stdout] 
Dec 03 09:15:13.308 INFO [stdout] test result: FAILED. 11 passed; 4 failed; 1 ignored; 0 measured; 0 filtered out
Dec 03 09:15:13.308 INFO [stdout] 
Dec 03 09:15:13.330 INFO [stderr] error: test failed, to rerun pass '--doc'
Dec 03 09:15:13.335 INFO [stderr] su: No module specific data is present
Dec 03 09:15:14.378 INFO running `"docker" "inspect" "ed6f14185af24b9ff8e02b134b10d98dd545d47522de36737edcefbcb8287b55"`
Dec 03 09:15:14.725 INFO running `"docker" "rm" "-f" "ed6f14185af24b9ff8e02b134b10d98dd545d47522de36737edcefbcb8287b55"`
Dec 03 09:15:15.055 INFO [stdout] ed6f14185af24b9ff8e02b134b10d98dd545d47522de36737edcefbcb8287b55
